f x**2/2 - 37. Determine q(l).
13
Let b(o) = -4*o + 25764 - o + 3*o - 25807. What is b(-20)?
-3
Let z = 68715 + -68708. Let f(v) = -5*v**3 - v**2 + 4*v + 14. Let h(b) = -11*b**3 - b**2 + 9*b + 29. Let c(j) = -13*f(j) + 6*h(j). What is c(z)?
6
Let c(m) be the third derivative of -m**6/120 + m**5/12 - m**4/4 + 128*m**2. Suppose -b - b = 0. Suppose -2*i + 12 = 3*x, b*i = x - 5*i - 4. Give c(x).
-8
Suppose 4*b + 3 = -1, 4*d + 37 = 3*b. Let h be (3 + -4)/((-2)/d). Let z(p) be the third derivative of p**5/60 + p**4/12 - p**3 - p**2 + 15*p + 4. Give z(h).
9
Let f(h) = h**2 - 41. Suppose -4*u + 4 = 0, -5*j - 4 + 2 = -2*u. What is f(j)?
-41
Let z(v) = 5*v**2 + 118*v - 16. Let t(u) = 2*u**2 + 51*u - 1. Let q(l) = -2*t(l) + z(l). Let o = -18 - -2. What is q(o)?
-14
Let n(v) = 20*v + 23. Let x be n(-1). Let j(w) = -w**2 - w + x*w**2 - 10 - w**2 + 5*w. Give j(-7).
11
Let o(g) = -g**3 - 114*g**2 - 232*g - 884. Let c be o(-112). Let r(h) be the second derivative of -h**4/12 + 13*h**3/6 - 8*h**2 - 3*h. What is r(c)?
-4
Let d(z) be the first derivative of -4*z**3/3 - 25*z**2 - 17*z - 6902. Give d(-12).
7
Let h(d) = -5 - 3 - 2*d**2 + 4 + 3*d**2. Let a be (0 + 0)/((-6)/6) - 3. Calculate h(a).
5
Let l(n) = -n - 8. Let o(a) = -a**3 - 3*a**2 - a. Let w be 6*3/(-4 + -2). Let y be o(w). Let h(j) = -j + 3. Let i be h(y). Give l(i).
-8
Let q(x) = -16*x - 35. Let y(u) = 75*u - 1803. Let w be y(24). Determine q(w).
13
Let w(z) = -78035 + 10*z + 38980 + 38976. Determine w(8).
1
Let o(f) = -f**2 + 4*f + 62. Let n be o(-6). Let y(g) = -15 + g**n - g + 2*g + 21 - 5. Determine y(-1).
1
Let b(v) = v + 9. Suppose 1 - 50 = 15*s - 8*s. Determine b(s).
2
Let a be 1/(3 + (2 - 4)). Let g(n) = -7*n**2 - n - 571 + 284 + 284. Let o(w) = w**2 + w + 1. Let l(t) = -g(t) - 2*o(t). Determine l(a).
5
Let d(l) = -11*l - 3. Let b(t) = -10*t - 2. Let j be 1 - (10 + -6)/(-1). Let a(h) = j*d(h) - 6*b(h). What is a(3)?
12
Let x(n) = 4*n**2 - n**2 - 2*n**2 - 3 - 5*n. Suppose -12*p - 75 = -3. Let d be -5 - -10 - 3/p*2. What is x(d)?
3
Let p = -199 - -200. Let x(r) = -p + 5 + 4 + r - 5. Determine x(8).
11
Suppose 0 = -7*o + 579 + 352. Suppose -o*l = -130*l + 3. Let n(a) = 0 + 3 + 12*a - 2. Calculate n(l).
-11
Suppose 30 - 53 - 34 = -19*x. Let r(t) be the first derivative of -3/2*t**4 - 1/3*t**x + 21 + 0*t - 1/2*t**2. Determine r(-1).
6
Let j = -13741 + 13767. Let g(l) = -2*l + 57. Give g(j).
5
Suppose 8*w - 3*w = -30. Let d(b) be the third derivative of b**5/60 + b**4/4 - b**3/2 - 20*b**2 - 72*b. Give d(w).
-3
Let a be -6 + 10 + (2 - 1). Suppose 3*r - 5*u = -u - 22, a*u = -5*r + 10. Let k(b) = 2*b**2 + 3*b + 2. Calculate k(r).
4
Let w(t) = -t + 9. Let h(a) = a**3 + 20*a**2 + 20*a + 17. Let m be h(-19). Let g be (0*(-1)/m)/1. Suppose 11*k - 12*k = g. Calculate w(k).
9
Let k(h) be the first derivative of h**2/2 + 8*h + 3173. Suppose -8*v + 3*v = 80. Give k(v).
-8
Suppose 0 = -22*c + 28*c - 7506. Let q(k) = -26 - c*k + 2489*k - 1243*k. What is q(-6)?
4
Let f(t) = 3*t**3 + 9*t**2 - 9*t - 6. Let g(l) = 5*l**3 + 18*l**2 - 17*l - 6. Let j(b) = -7*f(b) + 4*g(b). Calculate j(8).
42
Let v(z) = -3668*z + 36685. Let t be v(10). Suppose 9 = 4*f + 2*s + s, 3*f - 14 = 5*s. Let q(i) = i**3 - i**2 - 5 - 4*i**2 + 0*i + f*i. What is q(t)?
10
Let z(n) = -5*n**2 + 6*n. Let h(l) = 4*l**2 - 6*l + 1. Suppose -16 = -5*y + 4. Let x(d) = y*h(d) + 3*z(d). Suppose -37*a + 138 = -14*a. Give x(a).
4
Let r(z) be the third derivative of -z**6/60 - z**5/5 - z**4/24 - 7*z**3/6 - 2*z**2 + 375. Calculate r(-6).
-1
Let z(o) be the second derivative of -o**3/3 - 21*o**2/2 + 5*o. Suppose 2*v + 5 + 20 = -g, 5*g + 8 = -v. Determine z(v).
5
Let h(x) = -x**3 + 7*x**2 + 2*x - 4. Suppose -31 = -9*m + 203. Suppose -3 = u, -o + m = 4*o + 3*u. What is h(o)?
10
Let k(t) = 2*t**2 - 3*t - 4. Let j(g) = g**3 + 10*g**2 - 11*g + 3. Suppose 0 = b - 5*w - 29, 4*b + 2*w - 116 = -w. Let a = b - 40. Let x be j(a). What is k(x)?
5
Suppose -4*j + 2*j = 4*v - 194, -2*v = 3*j - 283. Let w(i) = -48*i - 70*i + j*i. Determine w(1).
-25
Let l(b) = -3*b - 25. Let i be l(-10). Suppose 0 = i*t - 116 - 104. Let c = -44 + t. Let g(s) = s**2 + 5. Calculate g(c).
5
Let o be -25*((-33)/(-16) - 248/3968). Let b(c) = c**2 + 54*c + 201. Calculate b(o).
1
Let q be (0 + (-2)/6)*(-55 - -52). Let v(t) = -93*t**2 - 94*t**2 - t + 186*t**2 + q. Calculate v(2).
-5
Let q(o) = -17*o - 11. Suppose -5*h - 5*w - 2 = -6*w, 2 = 4*h - 2*w. What is q(h)?
6
Suppose 5*j - 52 = 4*v, -2*v - 32 = 3*v + 2*j. Let u(w) = -7*w - 3. What is u(v)?
53
Suppose 0 = -3*u - 13 + 31. Let a be 1 + 4 + 1 - u. Let w(q) = -q - 9. Calculate w(a).
-9
Let w(h) = -2*h**3 - 2*h**2 + 5*h + 26. Let o(p) = -8*p**3 - 8*p**2 + 19*p + 98. Let i(y) = 5*o(y) - 19*w(y). Calculate i(0).
-4
Let r(l) = -4*l**2 + 371*l + 466. Let s be r(94). Let o(c) = 3*c + 4. Calculate o(s).
-8
Let u(r) = 16*r - 95. Let j be (24/(-28))/((-45)/315). Give u(j).
1
Let s(i) = -i**2 - 9*i + 15. Suppose -109*j - 331 = 679 + 189. Calculate s(j).
-7
Let x(s) = -36*s + 4. Let y(i) = -i**3 - 26*i**2 + 233*i - 12. Let m be y(7). Calculate x(m).
-68
Suppose -7*n + 14 + 23 = 4*p, -3*n = 3*p - 21. Let o(h) be the third derivative of 0 + 15*h**2 + 0*h + 3/20*h**5 + 1/6*h**3 - 1/24*h**p. What is o(1)?
9
Let x(g) be the third derivative of -g**5/60 - 2*g**4/3 - 19*g**3/6 - g**2 - 153*g - 5. Give x(-13).
20
Suppose 2*a = 3*o - 9, -2*o - 15*a = -19*a - 22. Let q(v) = 9*v**2 - v - 2. Calculate q(o).
8
Let k(a) = 12*a + 776*a**2 + 15 - 1551*a**2 + 776*a**2. Calculate k(-10).
-5
Suppose 10*v + 18 = 7*v. Let d = -3 - v. Let t(n) = -6*n**2 - n + n**d - n**3 + n**2 - n**3. Calculate t(-5).
5
Suppose o + 2*i - 1485 - 1891 = 0, i - 13539 = -4*o. Let r(t) = o + 0*t + t - 3387. What is r(-9)?
-10
Let r(p) be the third derivative of 29*p**2 + 1/24*p**4 - 3*p**3 + 0 + 0*p. Let q be r(11). Let y(d) = -d + 4. Give y(q).
11
Let p(s) = -s**2 + 2*s + 6. Let z(f) be the second derivative of -5*f**3/2 + 131*f**2/2 + 42*f + 1. Let v be z(9). What is p(v)?
-18
Let r(d) = -3*d - 1. Let z(y) = -4*y - 2. Let w(f) = -3*r(f) + 2*z(f). Let q be (-1 - -2)*(-346 - 1). Let o = 342 + q. Determine w(o).
-6
Let i(j) = -2*j - j**3 + 14*j**2 + 11 - 2 + 13*j - 21*j**2 - j. What is i(-8)?
-7
Let o(m) = -6*m + 18. Let d(p) = -3*p**2 + 52*p - 216. Let w be d(7). What is o(w)?
12
Let o(s) = 151*s + 9. Let f(v) = 50*v - 2. Let p(l) = -3*f(l) + o(l). Let y = -24 - -16. What is p(y)?
7
Let v(w) be the second derivative of 3/4*w**4 + 11/6*w**3 - 1/20*w**5 - 85*w - 4*w**2 + 0. Give v(10).
2
Let s(c) be the first derivative of c**4/4 - 7*c**3/3 + 2*c**2 + 5*c - 22300. Suppose 11 + 7 = 3*l. Determine s(l).
-7
Let y(u) = -u**2 + 17*u + 24. Let d be y(18). Let h be -5 + (-4 - -4) + d/(-1). Let w(j) be the second derivative of -j**3/6 - 5*j**2/2 + j. Determine w(h).
6
Suppose q = -q. Let d = q + 0. Let l(y) = 1803*y - 5*y**3 - 3609*y + 1806*y + 6*y**3. Give l(d).
0
Suppose -5*c - 23 = -3. Let i(r) be the third derivative of 1/30*r**5 + 0*r + 1/4*r**4 + 1/2*r**3 + 0 - 7*r**2. What is i(c)?
11
Let s(n) = -5*n**2 + 7*n - 2. Let m(k) = 12*k**2 - 14*k + 4. Let g(j) = 2*m(j) + 5*s(j). Suppose 0 = -24*p + 26*p + 30. Let t be -5*3/(p/7). Calculate g(t).
-2
Let h(f) = f**2 + 61*f + 373. Let c be h(-7). Let u(v) = -6*v - 37. What is u(c)?
-7
Suppose -43*u - 204 = -32. Let o(b) = -2*b - 6. Calculate o(u).
2
Let r(b) = -6*b + 81. Let v = 37642 - 37631. What is r(v)?
15
Let j(t) be the third derivative of t**5/30 - t**4/8 - t**3/3 + 11*t**2. Let p = -245 - -249. Calculate j(p).
18
Suppose 5*w - 3*j = 8, -4*j = 3*w - 6*j - 4. Let t(m) be the first derivative of -3*m + 4*m**2 + 4/3*m**3 + 8 - 1/4*m**w. What is t(5)?
12
Let u(z) = -z + 12. Let v(o) = -13*o**2 + 70*o - 14. Let m be v(5). Calculate u(m).
1
Let c(i) = -7*i**3 - 5*i**2 - 13*i - 8. Let t(k) = 20*k**3 + 13*k**2 + 36*k + 25. Let h(m) = 17*c(m) + 6*t(m). Calculate h(6).
-52
Let q be -5 - 0/(3 + -4). Suppose 2*l + 2 = -4*c, 4*c - l + 0*l - 13 = 0. Let v(g) = -21*g**3 + 3*g + g - 4*g**c + 20*g**3. What is v(q)?
5
Suppose s - 45 + 43 = 0, 2*s = -p + 6. Let m(r) = -6*r**2 - 4*r**2 - 2 - 4*r**p - 2*r + 13*r**2. Calculate m(4).
-26
Let z = 4441 - 4441. Let v(h) = h**2 + 3*h - 3. Give v(z).
-3
Suppose -3*a = -26 - 4. Suppose -865 = -a*h - 35. Let f = h + -85. Let g(n) = 2*n